 -n + 7. Let x be j(4). Suppose x = -0*s + s. Suppose s*a - 4*a + 11 = 0. What is the remainder when 42 is divided by a?
9
What is the remainder when 117 is divided by 0 - -20 - (-7 + 6 - -4)?
15
Let q = -561 - -1425. Suppose -5*h - 144 + q = 0. Suppose 12 + h = 3*a. What is the remainder when a is divided by 11?
8
Let b(k) = k**3 - 5*k**2 + 3*k + 5. Let n be b(4). Let y be n + 3 - (2 - -1). What is the remainder when 39 is divided by (0 + y)*-2 - -16?
11
Let g(f) = 6*f**2 - 66*f + 4. Let a be g(11). Suppose 7*n = a*n - 4*l + 104, 4*n = 5*l + 87. Calculate the remainder when 167 is divided by n.
27
Let o(f) = 3*f**2 - 49*f + 22. Calculate the remainder when o(17) is divided by 23.
10
Suppose -114 = 19*p - 21*p. What is the remainder when p is divided by 15?
12
Let k = 11 - 10. Let b(d) = -d - 7. Let l be b(-5). What is the remainder when k is divided by (l/(-4))/((-9)/(-18))?
0
Suppose 2*b - 145 = -127. Calculate the remainder when 268 is divided by b.
7
Let c(g) = 12*g**2. Suppose 0 = 3*a - 6*a + 4*f - 121, 0 = -2*a - 4*f - 54. Let z be (-49)/a + 3/5. What is the remainder when c(z) is divided by 25?
23
Suppose -5*p + 517 = -2*l - 1021, -5*p + 1534 = -l. What is the remainder when p is divided by 35?
26
Let f(b) = -106*b - 570. What is the remainder when 207 is divided by f(-6)?
9
Let k = -324 - -612. Calculate the remainder when k is divided by 58.
56
Suppose -2*o + 3*o + 3*n = 11, 0 = -3*o - n + 73. Let q = -23 - -54. Let r = q - 24. What is the remainder when o is divided by r?
5
Let x = 821 - 762. What is the remainder when 1533 is divided by x?
58
Let j be 5/(25/18) - (-9)/(-15). Suppose 0 = l - 5, -6 = 2*n - j*l - 29. What is the remainder when 35 is divided by n?
16
Suppose 12*g = -6*g + 342. What is the remainder when 265 is divided by g?
18
Let d = -1250 + 1251. Calculate the remainder when 45 is divided by d.
0
Suppose 0*s - 12 = -3*s. Suppose 0 = -2*o - s*y - 9 + 73, 4*o - 4*y - 80 = 0. Calculate the remainder when (1 + -2)/((-846)/(-426) + -2) is divided by o.
23
Suppose 55 = 11*k - 6*k. Calculate the remainder when 20 is divided by k.
9
Suppose -2*l + i = -45 - 7, 68 = 3*l + i. Let f(t) = 8*t - 5 + 0 - 4. What is the remainder when f(7) is divided by l?
23
Let i = -12 + 14. Suppose 2*l - 8 = 2*j, -5*j - 7 - 11 = -3*l. Calculate the remainder when j/1 - (-13 + 5) is divided by i.
1
Calculate the remainder when 870/(-12)*(-1 - 2/10) is divided by 22.
21
Suppose -5*x + 237 + 48 = 0. Calculate the remainder when x is divided by 33.
24
Let a(o) = 13*o + 44. Let j be a(-6). Let y = -8 - j. Calculate the remainder when y is divided by 6.
2
Suppose -i + 6 - 3 = 0. Let z = -11 + -9. Let m = -16 - z. Calculate the remainder when m is divided by i.
1
Suppose 3*d - 70 = -f, -5*d = -5*f + 7*f - 118. What is the remainder when 103 is divided by d?
15
Let h = -456 + 548. Calculate the remainder when h is divided by 4.
0
Let k(n) = n. Let r be k(3). Suppose 0*j + 4*j - 4*y = 184, r*y = -5*j + 222. Calculate the remainder when j is divided by 89 + -64 + 2/(-1).
22
Suppose -2*q + 6*g - 4*g + 8 = 0, -36 = -5*q + g. Suppose 4*x - 21 = 35. What is the remainder when x is divided by q?
6
Calculate the remainder when 765 - 5*(8/5 + -2) is divided by 128.
127
Let o(p) = 2*p + 8. Let j be o(6). Let g = j + -6. What is the remainder when 26 is divided by g?
12
Let d(g) = -g**3 - 51*g**2 - 11*g - 341. What is the remainder when d(-51) is divided by 34?
16
Let s = 1267 - 1262. Suppose -5*b - 25 = 0, 23 = -2*p + 4*b + 119. Suppose -t - t - s*k + 74 = 0, p = t + 3*k. Calculate the remainder when 124 is divided by t.
28
Let c(q) = -5*q - 4. Suppose 4*j = -4*o + 5*j - 534, 272 = -2*o - 2*j. Let k = -128 - o. Calculate the remainder when c(-5) is divided by k.
3
Let q(k) = -2*k + 42. What is the remainder when 38 is divided by q(9)?
14
Suppose 10 - 3 = p. Suppose p - 73 = -6*t. What is the remainder when 21 is divided by t?
10
Suppose -2*z + 0*z - 90 = -2*g, 3*z = -2*g + 65. Suppose 3*u + g = 7*u. What is the remainder when 15 is divided by u?
5
Let i = 2430 - 2372. Calculate the remainder when 1157 is divided by i.
55
Let o = -5 + 7. What is the remainder when 54 is divided by 27 + 4*o/8?
26
Suppose 16 = 4*w - 0*w. Let j be (-14)/((-1)/(w + -2)). Suppose i = 3*i - j. What is the remainder when 41 is divided by i?
13
Suppose -5*i = 3*h + 2*h - 5, -2*h = 3*i + 2. Let p(b) = -5*b + 5*b**2 + 4*b + 1 - h. What is the remainder when p(4) is divided by 25?
22
Suppose 0 = 36*k - 34*k - 26. Calculate the remainder when 19 is divided by k.
6
Let x = 46 + -31. Suppose 3*t - 8*t = -x. What is the remainder when 9 is divided by t?
0
Let r = 29 - 14. Let i = r + 1. What is the remainder when (0 - -1) + 44 + 2 is divided by i?
15
Let x = -2 + 17. Let l(w) = w**3 + 9*w**2 + 5*w + 4. Let m = -4 + -4. Calculate the remainder when l(m) is divided by x.
13
Suppose -28*i + 208 = -20*i. Calculate the remainder when 310 is divided by i.
24
Let t = -1 + 4. Suppose t*h - 6 = 39. Calculate the remainder when ((-684)/(-24))/(2/4) is divided by h.
12
Suppose -5*c + 3*l + 71 = 0, 4*c + 4*l = 5*l + 54. Suppose -c = -2*y - 1. Calculate the remainder when y is divided by 2.
0
Let n(q) = 5*q**2 + q. Let x be n(-1). Suppose -m - 15 = x*m, -m + 45 = 4*r. What is the remainder when 22 is divided by r?
10
Let x = -20 + 38. Let q(p) = -2*p - 12. Let t be q(-7). Suppose -6*g + t*g = -280. Calculate the remainder when g is divided by x.
16
Let z(y) = 22*y**3 + y**2 - 2*y + 1. Let q = 8 + -7. What is the remainder when z(q) is divided by (-12)/((-2)/(5 + -3))?
10
Let g = 131 + -114. Let y be (-30)/(-24) + 3/4. Suppose 18 = l - 2*m, -102 = -2*l - y*l + 2*m. Calculate the remainder when l is divided by g.
11
Let b(r) = 17*r - 321. Calculate the remainder when b(27) is divided by 23.
0
Let a = 38 + -38. Suppose n + z - 1 = a, 0*z - 2*z = -4*n + 34. What is the remainder when 17 is divided by n?
5
Let w(u) = -6*u + 1. Let q = -62 - -59. Calculate the remainder when w(-3) is divided by (-5 - q) + 35/5.
4
Suppose -17*k + 18*k = -22. Calculate the remainder when 129 is divided by (0 + (-15)/10)*k.
30
Calculate the remainder when 184 is divided by ((-60)/(-40))/((-9)/(-102)).
14
Suppose -3*v - 4*y = -211, 2*y - 3*y - 321 = -5*v. Let t = -58 + v. What is the remainder when 26 is divided by t?
5
Let f = -290 - -348. What is the remainder when 404 is divided by f?
56
Let a(b) = b**2 + 6*b - 90. Calculate the remainder when 30 is divided by a(8).
8
Let i(n) = 7*n**2 - 4*n + 3. Let z(d) = d**2 - 8*d + 5. Let w be z(8). Suppose k = -3 + w. Calculate the remainder when i(k) is divided by 13.
10
Let h(b) be the second derivative of b**2 - 1/12*b**4 + 5*b + 0 - 7/6*b**3. What is the remainder when 23 is divided by h(-5)?
11
Suppose v - 2*x + 86 = 3*x, 5*v - 3*x + 342 = 0. Suppose -3*u + 3 = 0, -3*u + 0 - 42 = c. Let t = c - v. Calculate the remainder when t is divided by 11.
10
Let c = -362 - -544. Calculate the remainder when c is divided by 27.
20
Let x be (-3 - -2)/(-4)*4. Let z = 44 + -30. Calculate the remainder when z is divided by x - (1 + 0 - 8).
6
Suppose m - 3*m = a - 7, 2*a = -3*m + 13. Suppose -4*x - z + 18 = 0, 2*x + 3*z + 12 = x. What is the remainder when x is divided by m?
0
Suppose -32*u = -37*u + 130. Calculate the remainder when 75 is divided by u.
23
Let n(q) = 2*q**2 - 5*q + 11. Let c = 53 + 32. What is the remainder when c is divided by n(4)?
16
Let w be (-158)/8*2*2. Let p = w - -123. What is the remainder when p is divided by 5?
4
Let q(o) = o**3 + 19*o**2 - 76*o - 153. What is the remainder when 3213 is divided by q(-22)?
64
Let d be -21*(-20)/12 - 2. Suppose 9*g = 12*g - d. What is the remainder when 18 is divided by g?
7
Suppose -404 - 271 = -15*d. What is the remainder when 1167 is divided by d?
42
Suppose 1133*p - 108 = 1130*p. What is the remainder when 424 is divided by p?
28
Let z(c) = 83*c - 1122. Calculate the remainder when 394 is divided by z(14).
34
Suppose -3*l + 0*l = -6. Let r be (2/l)/((-5)/190). Let y = -23 - r. What is the remainder when 88 is divided by y?
13
Let f = 1239 - 1204. Calculate the remainder when 2413 is divided by f.
33
Let d(q) = q**2 - 2*q - 3. Let t(c) = -c**2 - 7*c + 5. Let s be t(-7). Calculate the remainder when 56 is divided by d(s).
8
Let h(s) = -s*